{"id":55,"date":"2014-07-24T13:21:11","date_gmt":"2014-07-24T13:21:11","guid":{"rendered":"http:\/\/aikido-de-la-gatine.fr\/?page_id=55"},"modified":"2026-02-07T11:47:55","modified_gmt":"2026-02-07T10:47:55","slug":"notre-professeur","status":"publish","type":"page","link":"http:\/\/www.aikido-de-la-gatine.fr\/?page_id=55","title":{"rendered":"Nos enseignants"},"content":{"rendered":"<h4><img loading=\"lazy\" decoding=\"async\" class=\"size-full wp-image-4297 alignleft\" src=\"http:\/\/www.aikido-de-la-gatine.fr\/wp-content\/uploads\/2024\/08\/Uchi.jpg\" alt=\"\" width=\"193\" height=\"300\" \/>Alain VIVIER<\/h4>\n<p align=\"justify\"><strong><span style=\"color: #000000;\">H<\/span><\/strong><span style=\"color: #000000;\">armonie\u00a0: c\u2019est la voie qu\u2019<\/span><span style=\"color: #000000;\">Alain Vivier<\/span><span style=\"color: #000000;\"> a choisie de suivre puis de partager depuis 1979 quand il a d\u00e9but\u00e9 l\u2019A\u00efkido, <\/span><span style=\"color: #000000;\">d\u2019abord avec Dominique Lagarde puis, pendant 25 ans, en tant qu\u2019\u00e9l\u00e8ve de Jean-Michel M\u00e9rit qu\u2019il suivait partout, <\/span><span style=\"color: #000000;\">dans les stages de Christian Tissier, <\/span><span style=\"color: #000000;\">Saotome Sensei, <\/span><span style=\"color: #000000;\">Yamaguchi ou Endo <\/span><span style=\"color: #000000;\">notamment. Entre art martial et convivialit\u00e9s <\/span><span style=\"color: #000000;\">des immersions en stages<\/span><span style=\"color: #000000;\">, les racines du club de la G\u00e2tine <\/span><span style=\"color: #000000;\">\u00e9taient n\u00e9es.<\/span><\/p>\n<p align=\"justify\"><strong><span style=\"color: #000000;\">D<\/span><\/strong><span style=\"color: #000000;\">ipl\u00f4m\u00e9 d\u2019\u00c9tat <\/span><span style=\"color: #000000;\">en 1993<\/span><span style=\"color: #000000;\">, <\/span><span style=\"color: #000000;\">A<\/span><span style=\"color: #000000;\">lain <\/span><span style=\"color: #000000;\">fonde <\/span><span style=\"color: #000000;\">alors <\/span><span style=\"color: #000000;\">son propre club <\/span><span style=\"color: #000000;\">d\u2019a\u00efkido<\/span><span style=\"color: #000000;\">, \u00e0 titre professionnel, \u00e0 Parthenay. C\u2019est ici qu\u2019il enseigne toujours aujourd\u2019hui. <\/span><\/p>\n<p align=\"justify\"><strong><span style=\"color: #000000;\">R<\/span><\/strong><span style=\"color: #000000;\">econnu pour ses qualit\u00e9s p\u00e9dagogiques, il a <\/span><span style=\"color: #000000;\">grandement contribu\u00e9 au d\u00e9veloppement de l\u2019a\u00efkido jeunes (enfants et ados) en Poitou-Charentes, avec Jean-Michel. De 1996 \u00e0 1999, Alain a ainsi \u00e9t\u00e9 3 ans secr\u00e9taire de l\u2019<\/span><span style=\"color: #000000;\">E<\/span><span style=\"color: #000000;\">cole des Cadres <\/span><span style=\"color: #000000;\">de la FFAAA<\/span><span style=\"color: #000000;\">, \u00e0 diffusion nationale, destin\u00e9e \u00e0 enseigner la p\u00e9dagogie nouvelle de JM M\u00e9rit aux professeurs <\/span><span style=\"color: #000000;\">et<\/span><span style=\"color: #000000;\"> futurs professeurs d\u2019a\u00efkido. <\/span><\/p>\n<p align=\"justify\"><span style=\"color: #000000;\"><strong>D<\/strong>ans les ann\u00e9es 2000, Alain devient secr\u00e9taire de la ligue Poitou-Charentes de la FFAAA pour quelques ann\u00e9es, qui compte alors pas moins de 1700 licenci\u00e9s, dont une majorit\u00e9 de jeunes. <\/span><\/p>\n<p align=\"justify\"><span style=\"color: #000000;\"><strong>A<\/strong>pr\u00e8s le d\u00e9c\u00e8s de Jean-Michel, en 2008, Alain poursuit son investissement ind\u00e9fectible en continuant de suivre les stages de grands ma\u00eetres fran\u00e7ais ou japonais, comme Endo ou Ikeda. Il ne s\u2019arr\u00eate pas non plus dans la promotion de l\u2019a\u00efkido jeunes, poursuivant l\u2019\u0153uvre entam\u00e9e avec son professeur. Il intervient ainsi dans les \u00e9coles g\u00e2tinaises jusqu\u2019\u00e0 la fin des ann\u00e9es 2010, p\u00e9riode \u00e0 laquelle il choisit de se consacrer exclusivement aux pratiquants adultes et \u00e0 la formation des enseignants ou futurs enseignants. Il le d\u00e9plore depuis, aucune vocation d\u2019\u00e9ducateur jeunes ne s\u2019est encore dessin\u00e9e, parmi ses \u00e9l\u00e8ves actuels, pour prendre le relais. Depuis, il n\u2019y a donc plus de section jeunes dans notre club alors que l\u2019\u00e9poque que nous traversons en a bien besoin. <\/span><\/p>\n<p align=\"justify\"><span style=\"color: #000000;\"><strong>S<\/strong>on engagement sans failles pour la discipline, son professionnalisme, sa volont\u00e9 de transmettre au plus grand nombre, <b>sans distinction de <\/b><b>niveaux (grades)<\/b><b>, <\/b><b>de sexes ou<\/b><b> d\u2019\u00e2ges<\/b>, la richesse de ses exp\u00e9riences, en font un enseignant de grande qualit\u00e9, bienveillant, patient et ferme, qui a peu \u00e0 peu d\u00e9velopp\u00e9 son propre a\u00efkido. Sa cr\u00e9ativit\u00e9 est une richesse pour les pratiquant.e.s qui le suivent. <\/span><\/p>\n<p align=\"justify\"><strong><span style=\"color: #000000;\">M<\/span><\/strong><span style=\"color: #000000;\">\u00e9langeant les cours de techniques <\/span><span style=\"color: #000000;\">fluides <\/span><span style=\"color: #000000;\">\u00e0 mains nues et aux armes, <\/span><span style=\"color: #000000;\">l\u2019accompagnement individuel aussi bien que collectif, <strong>s<\/strong><\/span><span style=\"color: #000000;\"><b>on authenticit\u00e9 et sa rectitude<\/b><\/span><span style=\"color: #000000;\"> sont une valeur de plus en plus rare sur laquelle chacun peut s\u2019appuyer pour avancer, techniquement comme <\/span><span style=\"color: #000000;\">mentalement<\/span><span style=\"color: #000000;\">. C\u2019est une chance\u00a0!<\/span><\/p>\n<p><a href=\"http:\/\/www.aikido-de-la-gatine.fr\/?p=1204\" target=\"_blank\" rel=\"noopener\">Stage \u00e0 Washington DC aupr\u00e8s de Saotome Sensei<\/a><\/p>\n<figure id=\"attachment_1229\" aria-describedby=\"caption-attachment-1229\" style=\"width: 300px\" class=\"wp-caption alignnone\"><a href=\"http:\/\/www.aikido-de-la-gatine.fr\/wp-content\/uploads\/2016\/03\/19.Stage-Saotome15.jpg\"><img loading=\"lazy\" decoding=\"async\" class=\"size-medium wp-image-1229\" src=\"http:\/\/www.aikido-de-la-gatine.fr\/wp-content\/uploads\/2016\/03\/19.Stage-Saotome15-300x225.jpg\" alt=\"19.Stage M. Saotome15\" width=\"300\" height=\"225\" srcset=\"http:\/\/www.aikido-de-la-gatine.fr\/wp-content\/uploads\/2016\/03\/19.Stage-Saotome15-300x225.jpg 300w, http:\/\/www.aikido-de-la-gatine.fr\/wp-content\/uploads\/2016\/03\/19.Stage-Saotome15-500x376.jpg 500w, http:\/\/www.aikido-de-la-gatine.fr\/wp-content\/uploads\/2016\/03\/19.Stage-Saotome15.jpg 800w\" sizes=\"(max-width: 300px) 100vw, 300px\" \/><\/a><figcaption id=\"caption-attachment-1229\" class=\"wp-caption-text\">Mitsugi Saotome Shihan<\/figcaption><\/figure>\n\n\n<h2 class=\"wp-block-heading has-text-align-right\">Philippe GUILLEMIN<\/h2>\n\n\n<div class=\"wp-block-image\">\n<figure class=\"alignright size-full is-resized\"><a href=\"http:\/\/www.aikido-de-la-gatine.fr\/wp-content\/uploads\/2026\/02\/DSC07071-scaled-1.jpg\"><img loading=\"lazy\" decoding=\"async\" width=\"1920\" height=\"2560\" src=\"http:\/\/www.aikido-de-la-gatine.fr\/wp-content\/uploads\/2026\/02\/DSC07071-scaled-1.jpg\" alt=\"\" class=\"wp-image-4683\" style=\"width:259px;height:auto\" srcset=\"http:\/\/www.aikido-de-la-gatine.fr\/wp-content\/uploads\/2026\/02\/DSC07071-scaled-1.jpg 1920w, http:\/\/www.aikido-de-la-gatine.fr\/wp-content\/uploads\/2026\/02\/DSC07071-scaled-1-225x300.jpg 225w, http:\/\/www.aikido-de-la-gatine.fr\/wp-content\/uploads\/2026\/02\/DSC07071-scaled-1-768x1024.jpg 768w, http:\/\/www.aikido-de-la-gatine.fr\/wp-content\/uploads\/2026\/02\/DSC07071-scaled-1-1152x1536.jpg 1152w, http:\/\/www.aikido-de-la-gatine.fr\/wp-content\/uploads\/2026\/02\/DSC07071-scaled-1-1536x2048.jpg 1536w\" sizes=\"(max-width: 1920px) 100vw, 1920px\" \/><\/a><\/figure><\/div>\n\n\n<p class=\"has-text-align-right\"><strong>D<\/strong>epuis 1994, Alain a \u00e9t\u00e9 rejoint par Philippe Guillemin, son \u00e9l\u00e8ve principal qui l\u2019a aussi longtemps suivi partout pour apprendre aupr\u00e8s de ce professeur sortant de l\u2019ordinaire, et de Jean-Michel. Sa longue exp\u00e9rience de l\u2019a\u00efkido et son grade de 4\u00e8me dan lui conf\u00e8rent un grand sens de la technicit\u00e9, essentiels dans l\u2019enseignement de notre discipline.<\/p>\n\n\n\n<p class=\"has-text-align-right\"><strong>\u00c0<\/strong> titre b\u00e9n\u00e9vole, il enseigne les techniques aux adultes et adolescent.e.s du club depuis plusieurs ann\u00e9es maintenant, ayant \u00e0 c\u0153ur de poursuivre l\u2019\u0153uvre entam\u00e9e par son professeur. Sa passion sans r\u00e9serve pour l\u2019a\u00efkido lui offre une grande qualit\u00e9 p\u00e9dagogique ainsi qu\u2019une patience reconnue. Il se d\u00e9tache de l\u2019enseignement d\u2019Alain par un caract\u00e8re qui lui est propre, ancrant ses cours dans l&rsquo;humilit\u00e9, l\u2019humour et le s\u00e9rieux de l\u2019apprentissage.<\/p>\n\n\n\n<p><\/p>\n","protected":false},"excerpt":{"rendered":"<p>Alain VIVIER Harmonie\u00a0: c\u2019est la voie qu\u2019Alain Vivier a choisie de suivre puis de partager depuis 1979 quand il a d\u00e9but\u00e9 l\u2019A\u00efkido, d\u2019abord avec Dominique Lagarde puis, pendant 25 ans, en tant qu\u2019\u00e9l\u00e8ve de Jean-Michel M\u00e9rit qu\u2019il suivait partout, dans les stages de Christian Tissier, Saotome Sensei, Yamaguchi ou Endo notamment. Entre art martial et &hellip; <a href=\"http:\/\/www.aikido-de-la-gatine.fr\/?page_id=55\" class=\"more-link\">Continuer la lecture de <span class=\"screen-reader-text\">Nos enseignants<\/span>  <span class=\"meta-nav\">&rarr;<\/span><\/a><\/p>\n","protected":false},"author":1,"featured_media":0,"parent":1200,"menu_order":1,"comment_status":"closed","ping_status":"closed","template":"","meta":{"footnotes":""},"class_list":["post-55","page","type-page","status-publish","hentry"],"_links":{"self":[{"href":"http:\/\/www.aikido-de-la-gatine.fr\/index.php?rest_route=\/wp\/v2\/pages\/55"}],"collection":[{"href":"http:\/\/www.aikido-de-la-gatine.fr\/index.php?rest_route=\/wp\/v2\/pages"}],"about":[{"href":"http:\/\/www.aikido-de-la-gatine.fr\/index.php?rest_route=\/wp\/v2\/types\/page"}],"author":[{"embeddable":true,"href":"http:\/\/www.aikido-de-la-gatine.fr\/index.php?rest_route=\/wp\/v2\/users\/1"}],"replies":[{"embeddable":true,"href":"http:\/\/www.aikido-de-la-gatine.fr\/index.php?rest_route=%2Fwp%2Fv2%2Fcomments&post=55"}],"version-history":[{"count":22,"href":"http:\/\/www.aikido-de-la-gatine.fr\/index.php?rest_route=\/wp\/v2\/pages\/55\/revisions"}],"predecessor-version":[{"id":4685,"href":"http:\/\/www.aikido-de-la-gatine.fr\/index.php?rest_route=\/wp\/v2\/pages\/55\/revisions\/4685"}],"up":[{"embeddable":true,"href":"http:\/\/www.aikido-de-la-gatine.fr\/index.php?rest_route=\/wp\/v2\/pages\/1200"}],"wp:attachment":[{"href":"http:\/\/www.aikido-de-la-gatine.fr\/index.php?rest_route=%2Fwp%2Fv2%2Fmedia&parent=55"}],"curies":[{"name":"wp","href":"https:\/\/api.w.org\/{rel}","templated":true}]}}

<h4><img loading="lazy" decoding="async" class="size-full wp-image-4297 alignleft" src="http://www.aikido-de-la-gatine.fr/wp-content/uploads/2024/08/Uchi.jpg" alt="" width="193" height="300" />Alain VIVIER</h4>
<p align="justify"><strong><span style="color: #000000;">H</span></strong><span style="color: #000000;">armonie : c’est la voie qu’</span><span style="color: #000000;">Alain Vivier</span><span style="color: #000000;"> a choisie de suivre puis de partager depuis 1979 quand il a débuté l’Aïkido, </span><span style="color: #000000;">d’abord avec Dominique Lagarde puis, pendant 25 ans, en tant qu’élève de Jean-Michel Mérit qu’il suivait partout, </span><span style="color: #000000;">dans les stages de Christian Tissier, </span><span style="color: #000000;">Saotome Sensei, </span><span style="color: #000000;">Yamaguchi ou Endo </span><span style="color: #000000;">notamment. Entre art martial et convivialités </span><span style="color: #000000;">des immersions en stages</span><span style="color: #000000;">, les racines du club de la Gâtine </span><span style="color: #000000;">étaient nées.</span></p>
<p align="justify"><strong><span style="color: #000000;">D</span></strong><span style="color: #000000;">iplômé d’État </span><span style="color: #000000;">en 1993</span><span style="color: #000000;">, </span><span style="color: #000000;">A</span><span style="color: #000000;">lain </span><span style="color: #000000;">fonde </span><span style="color: #000000;">alors </span><span style="color: #000000;">son propre club </span><span style="color: #000000;">d’aïkido</span><span style="color: #000000;">, à titre professionnel, à Parthenay. C’est ici qu’il enseigne toujours aujourd’hui. </span></p>
<p align="justify"><strong><span style="color: #000000;">R</span></strong><span style="color: #000000;">econnu pour ses qualités pédagogiques, il a </span><span style="color: #000000;">grandement contribué au développement de l’aïkido jeunes (enfants et ados) en Poitou-Charentes, avec Jean-Michel. De 1996 à 1999, Alain a ainsi été 3 ans secrétaire de l’</span><span style="color: #000000;">E</span><span style="color: #000000;">cole des Cadres </span><span style="color: #000000;">de la FFAAA</span><span style="color: #000000;">, à diffusion nationale, destinée à enseigner la pédagogie nouvelle de JM Mérit aux professeurs </span><span style="color: #000000;">et</span><span style="color: #000000;"> futurs professeurs d’aïkido. </span></p>
<p align="justify"><span style="color: #000000;"><strong>D</strong>ans les années 2000, Alain devient secrétaire de la ligue Poitou-Charentes de la FFAAA pour quelques années, qui compte alors pas moins de 1700 licenciés, dont une majorité de jeunes. </span></p>
<p align="justify"><span style="color: #000000;"><strong>A</strong>près le décès de Jean-Michel, en 2008, Alain poursuit son investissement indéfectible en continuant de suivre les stages de grands maîtres français ou japonais, comme Endo ou Ikeda. Il ne s’arrête pas non plus dans la promotion de l’aïkido jeunes, poursuivant l’œuvre entamée avec son professeur. Il intervient ainsi dans les écoles gâtinaises jusqu’à la fin des années 2010, période à laquelle il choisit de se consacrer exclusivement aux pratiquants adultes et à la formation des enseignants ou futurs enseignants. Il le déplore depuis, aucune vocation d’éducateur jeunes ne s’est encore dessinée, parmi ses élèves actuels, pour prendre le relais. Depuis, il n’y a donc plus de section jeunes dans notre club alors que l’époque que nous traversons en a bien besoin. </span></p>
<p align="justify"><span style="color: #000000;"><strong>S</strong>on engagement sans failles pour la discipline, son professionnalisme, sa volonté de transmettre au plus grand nombre, <b>sans distinction de </b><b>niveaux (grades)</b><b>, </b><b>de sexes ou</b><b> d’âges</b>, la richesse de ses expériences, en font un enseignant de grande qualité, bienveillant, patient et ferme, qui a peu à peu développé son propre aïkido. Sa créativité est une richesse pour les pratiquant.e.s qui le suivent. </span></p>
<p align="justify"><strong><span style="color: #000000;">M</span></strong><span style="color: #000000;">élangeant les cours de techniques </span><span style="color: #000000;">fluides </span><span style="color: #000000;">à mains nues et aux armes, </span><span style="color: #000000;">l’accompagnement individuel aussi bien que collectif, <strong>s</strong></span><span style="color: #000000;"><b>on authenticité et sa rectitude</b></span><span style="color: #000000;"> sont une valeur de plus en plus rare sur laquelle chacun peut s’appuyer pour avancer, techniquement comme </span><span style="color: #000000;">mentalement</span><span style="color: #000000;">. C’est une chance !</span></p>
<p><a href="http://www.aikido-de-la-gatine.fr/?p=1204" target="_blank" rel="noopener">Stage à Washington DC auprès de Saotome Sensei</a></p>
<figure id="attachment_1229" aria-describedby="caption-attachment-1229" style="width: 300px" class="wp-caption alignnone"><a href="http://www.aikido-de-la-gatine.fr/wp-content/uploads/2016/03/19.Stage-Saotome15.jpg"><img loading="lazy" decoding="async" class="size-medium wp-image-1229" src="http://www.aikido-de-la-gatine.fr/wp-content/uploads/2016/03/19.Stage-Saotome15-300x225.jpg" alt="19.Stage M. Saotome15" width="300" height="225" srcset="http://www.aikido-de-la-gatine.fr/wp-content/uploads/2016/03/19.Stage-Saotome15-300x225.jpg 300w, http://www.aikido-de-la-gatine.fr/wp-content/uploads/2016/03/19.Stage-Saotome15-500x376.jpg 500w, http://www.aikido-de-la-gatine.fr/wp-content/uploads/2016/03/19.Stage-Saotome15.jpg 800w" sizes="(max-width: 300px) 100vw, 300px" /></a><figcaption id="caption-attachment-1229" class="wp-caption-text">Mitsugi Saotome Shihan</figcaption></figure>


<h2 class="wp-block-heading has-text-align-right">Philippe GUILLEMIN</h2>


<div class="wp-block-image">
<figure class="alignright size-full is-resized"><a href="http://www.aikido-de-la-gatine.fr/wp-content/uploads/2026/02/DSC07071-scaled-1.jpg"><img loading="lazy" decoding="async" width="1920" height="2560" src="http://www.aikido-de-la-gatine.fr/wp-content/uploads/2026/02/DSC07071-scaled-1.jpg" alt="" class="wp-image-4683" style="width:259px;height:auto" srcset="http://www.aikido-de-la-gatine.fr/wp-content/uploads/2026/02/DSC07071-scaled-1.jpg 1920w, http://www.aikido-de-la-gatine.fr/wp-content/uploads/2026/02/DSC07071-scaled-1-225x300.jpg 225w, http://www.aikido-de-la-gatine.fr/wp-content/uploads/2026/02/DSC07071-scaled-1-768x1024.jpg 768w, http://www.aikido-de-la-gatine.fr/wp-content/uploads/2026/02/DSC07071-scaled-1-1152x1536.jpg 1152w, http://www.aikido-de-la-gatine.fr/wp-content/uploads/2026/02/DSC07071-scaled-1-1536x2048.jpg 1536w" sizes="(max-width: 1920px) 100vw, 1920px" /></a></figure></div>


<p class="has-text-align-right"><strong>D</strong>epuis 1994, Alain a été rejoint par Philippe Guillemin, son élève principal qui l’a aussi longtemps suivi partout pour apprendre auprès de ce professeur sortant de l’ordinaire, et de Jean-Michel. Sa longue expérience de l’aïkido et son grade de 4ème dan lui confèrent un grand sens de la technicité, essentiels dans l’enseignement de notre discipline.</p>



<p class="has-text-align-right"><strong>À</strong> titre bénévole, il enseigne les techniques aux adultes et adolescent.e.s du club depuis plusieurs années maintenant, ayant à cœur de poursuivre l’œuvre entamée par son professeur. Sa passion sans réserve pour l’aïkido lui offre une grande qualité pédagogique ainsi qu’une patience reconnue. Il se détache de l’enseignement d’Alain par un caractère qui lui est propre, ancrant ses cours dans l&rsquo;humilité, l’humour et le sérieux de l’apprentissage.</p>



<p></p>

<p>Alain VIVIER Harmonie : c’est la voie qu’Alain Vivier a choisie de suivre puis de partager depuis 1979 quand il a débuté l’Aïkido, d’abord avec Dominique Lagarde puis, pendant 25 ans, en tant qu’élève de Jean-Michel Mérit qu’il suivait partout, dans les stages de Christian Tissier, Saotome Sensei, Yamaguchi ou Endo notamment. Entre art martial et &hellip; <a href="http://www.aikido-de-la-gatine.fr/?page_id=55" class="more-link">Continuer la lecture de <span class="screen-reader-text">Nos enseignants</span>  <span class="meta-nav">&rarr;</span></a></p>
